*u**2 + 8*u + 7. Let a(b) = -b**3 + b**2 - b - 1. Let y(g) = p*a(g) - x(g). Determine y(3).
2
Let j(o) = 7 + 0 + 3*o - 3 + 2*o. Let p(m) = 11*m + 9. Let s(u) = 9*j(u) - 4*p(u). What is s(2)?
2
Let y be 10/6 + (-1)/(-3). Let w(q) = -9*q - 3. Suppose 30 = 5*x + 5. Let b(m) = 5*m + 2. Let f(i) = x*b(i) + 3*w(i). Give f(y).
-3
Let t be (12/(-8))/(1/2). Let k(v) = v**3 + 2*v**2 + v. Calculate k(t).
-12
Let o(y) = 7*y**2 + 10*y + 4. Let b(j) = 13*j**2 + 19*j + 8. Let c(f) = 6*b(f) - 11*o(f). Give c(-4).
4
Let c(p) = -p**3 + 6*p**2 - 4*p + 3. Let y = 122 + -117. Calculate c(y).
8
Let w(c) = 5*c**2 + 19*c + 18. Let s(g) = -2*g**2 - 9*g - 8. Let o(v) = 7*s(v) + 3*w(v). Determine o(7).
5
Let c(n) be the first derivative of -n**3/3 - 3*n**2/2 - 2*n + 20. Determine c(-2).
0
Suppose 0 = -2*r - 14 - 2. Let t be (-4)/r*16/2. Let f(s) = s**2 - 7*s + 1. Calculate f(t).
-11
Let b(q) = q**2 - 6*q**2 + 2*q**2 - q + 1. Give b(-2).
-9
Let q(b) = 0*b**2 - 2*b + b**2 + 0*b + 4*b. Let g(p) = -p**2 - 4*p. Let y(h) = -3*g(h) - 5*q(h). What is y(2)?
-4
Let c(u) = -u. Let j be c(-5). Let z(n) = -n**3 - n**2 + n + 1. Let p = 0 + 1. Let l(v) = 6*v**3 - 5*v. Let g(o) = p*l(o) + 5*z(o). Calculate g(j).
5
Let a = 6 - 5. Let z(w) = 4 - 2*w**2 - 3 - w + 0. Calculate z(a).
-2
Let c(r) be the first derivative of -2*r**2 - r - 1. Let q(m) = 20*m - 37. Let f be q(2). Determine c(f).
-13
Let d be -5*-1*(-2 + 6). Suppose -d = -4*k - k. Let j(g) = -3*g - 3*g**2 + 3*g**2 - k + 4*g**2 + g**3. Give j(-4).
8
Suppose y = -2*l + 4*y - 19, 4*l + 35 = 5*y. Let v(r) = -1. Let h(n) = -n - 6. Let x(b) = h(b) - 2*v(b). What is x(l)?
1
Let b be 51 + -45 - (-1 - -1). Let h(o) = 2*o - 2 - 1 - 1. Determine h(b).
8
Let n(u) = u**3 - 4*u**2 + 3*u - 1. Suppose 2 = 2*t + 2*k - 10, -2*k = -2*t. Give n(t).
-1
Let v(h) = 2*h**2 + 6*h - 3*h**2 - 4 + 2. Determine v(6).
-2
Let d(g) = -3*g**2 + 2*g + 1. Let r be d(-1). Let s(m) be the second derivative of m**5/20 + m**4/4 - m**3/3 + 3*m**2/2 - 7*m. Calculate s(r).
-5
Suppose 0 = -0*b + 5*b. Let l = 4 - 1. Let r = b - l. Let t(q) = -2*q - 1. What is t(r)?
5
Let n(u) = -14*u - 1. Let i(l) = l. Let h(r) = 5*i(r) - n(r). Give h(1).
20
Let l(t) = -t**3 + 3*t**2. Let y(w) = -w**3 - 4*w**2 + 6*w - 1. Let u be y(-5). Let z be 25/10 - 3/u. Calculate l(z).
0
Let f(h) be the second derivative of -h**4/6 - h**3/3 + h**2/2 - 5*h. Give f(-3).
-11
Let b(d) = -2*d - 4. Let k(a) = -a**3 - 6*a**2 + 17. Let q be k(-5). What is b(q)?
12
Let h(i) = 7*i**2 + 4*i + 3. Let z(j) = -2*j**2 + j. Let y be z(1). Let n(q) = q**2 + q. Let k(c) = y*h(c) + 6*n(c). Determine k(2).
-3
Let v(p) = -8 + 1 + 1 + p. Suppose 0 = 3*o, -4*w + 6 + 2 = -2*o. Suppose 2*f = -w*f. Give v(f).
-6
Let p(j) = -j - 9. Let w be 44/4 + (-2)/2. Let q = -17 + w. What is p(q)?
-2
Let a be (-76)/(-13) + 6/39. Let k(v) = -6*v - 2*v**2 - 6 + 0*v + 3*v**2. Give k(a).
-6
Let n(x) be the third derivative of -3*x**5/20 - x**4/12 + 31*x**3/6 - 5*x**2. Let j(z) = 5*z**2 + z - 16. Let p(d) = 11*j(d) + 6*n(d). Determine p(0).
10
Let a(o) = 2 - 4 + 6*o**2 + 0*o**2 + 3 + o**3 - 3*o. Let g(z) = -2*z**3 - 11*z**2 + 6*z - 1. Let t(w) = -5*a(w) - 3*g(w). Calculate t(-4).
-6
Let o(k) = 5*k + 4*k**2 + 58 - 58 - k**3. What is o(5)?
0
Let j(i) = 2*i + 1. Let l = 7 - 2. Suppose 20 = 2*o + 4*g, -o + 14 = l*g - 8. Suppose o*p + 8 = -0. What is j(p)?
-7
Let v(p) = 11*p**2 - 5*p**2 - 7*p**2 + 8 + 5*p. What is v(7)?
-6
Let b(o) be the third derivative of -o**4/24 + o**3/6 + 7*o**2. What is b(-4)?
5
Let g(u) = 6*u - 3. Let v(a) = 19*a - 10. Let z(k) = 7*g(k) - 2*v(k). Give z(2).
7
Let p = -15 - -9. Let n = -4 - p. Suppose 5*u = -3 - n. Let r(c) = -8*c**2 + 1. Calculate r(u).
-7
Let u(s) = 2*s + 7. Let j(l) = 5*l + 14. Let m(x) = x. Let b be m(3). Let i(n) = b*j(n) - 7*u(n). Calculate i(4).
-3
Let x(z) = -4*z**3 - 6*z**2 + 16*z - 7. Let a(o) = o**3 + 2*o**2 + 4 + o**2 - 5*o - o**2 - 2. Let b(y) = 7*a(y) + 2*x(y). Give b(2).
-6
Let t = -54 + 47. Let p(l) = 0*l**3 + 10 + l**3 + 7*l**2 + 4*l - 2*l. Determine p(t).
-4
Let n(y) be the second derivative of -y**7/840 + y**6/120 - y**5/40 + y**4/12 + y**3/2 + 2*y. Let b(x) be the second derivative of n(x). Calculate b(2).
0
Let v(c) = -6*c**2 + 12*c + 4. Let a(u) = 7*u**2 - 13*u - 5. Let w(y) = 5*a(y) + 6*v(y). Give w(6).
5
Let k(d) = -3*d + 9. Suppose -5*h = 5*z + 50, 2*h - 5*z = -3*h - 20. Let c(s) = 8 - 3*s + 3*s - 2*s. Let b(m) = h*c(m) + 6*k(m). Give b(-2).
6
Let m = 28 - 22. Let y(s) be the second derivative of 2*s - 1/2*s**4 + 0 + 4*s**2 - 1/3*s**3 + 1/20*s**5. Calculate y(m).
-4
Let u(o) = o**3 - 2*o**2 - 2*o. Suppose -14 + 17 = r. Determine u(r).
3
Suppose 5 = w + 3*c, 0*c = -w - 5*c + 7. Let p(a) = -1 - w + 4 + 4*a - 2*a. Determine p(6).
13
Let q(h) be the second derivative of h**3/2 - 2*h**2 - 4*h. What is q(3)?
5
Let b = 18 - 11. Let u(y) = -y**2 + 6*y + 10. Give u(b).
3
Let n(g) = g. Suppose -16 = 4*q - 0*q, 0 = 5*x - 4*q - 26. Suppose a = -x - 0. Calculate n(a).
-2
Let c(r) = -2*r + 1. Let z = 1 + -13. Let t = -5 - z. Suppose 30 = 4*j + 5*u, -3*j + 4*u + 0*u = -t. What is c(j)?
-9
Let q = 0 - -3. Let u(a) = -2 + 3 - 2*a - 2 - 3*a**2 - a**q. Let d be -1 - 5 - (10 - 14). What is u(d)?
-1
Let w(n) = -n - 1. Suppose 5 = -2*q - m, 5*q + 0 = -m - 11. Let t be q/(-7) + (-132)/(-28). What is w(t)?
-6
Let d(m) = 2*m - 4. Let h be d(6). Suppose h + 0 = -4*b. Let s(n) = 3*n + 1. What is s(b)?
-5
Let s(d) be the third derivative of -d**6/60 + d**5/60 + d**4/24 + d**3/3 - 22*d**2. What is s(2)?
-8
Let p = 2 + 1. Suppose -p*t = -t - 10. Let i be (-2)/4 - t/(-10). Let l(g) = g + 3. Give l(i).
3
Suppose -3*p - 1 - 8 = 0. Let m(d) = -2*d**3 + d + 6. Let v(t) = t**2 + 23*t + 17 - 5*t**3 - 12*t - 8*t. Let h(c) = 8*m(c) - 3*v(c). Calculate h(p).
0
Let o(s) = 2*s**2 - 4*s + 1. Let z(w) = w - 2. Let b be z(5). Let d be (-45)/(-10) - (-3)/(-2). Suppose -3*f = n + 9, 0*n + 3*n + d = -b*f. Calculate o(n).
7
Suppose -15 = -3*d, 2*u = -0*u + d + 1. Let c(f) = -1 + 2 - 5*f**u + 3*f - 3*f. What is c(-1)?
6
Let f(y) = 4*y**2 - 10*y - 8. Let u(p) = 3*p**2 - 9*p - 7. Let z(d) = 2*f(d) - 3*u(d). What is z(7)?
5
Let d(b) = 7*b + 1. Let m(n) = n**2 + 5. Let s be m(0). Suppose l = 4*t - 14, -l = -t - 0*l + s. Let q(f) = -f**2 + 3*f - 1. Let h be q(t). Determine d(h).
-6
Let m(k) = -k. Let h(z) = -z**2 - 15*z + 53. Let c be h(-18). Give m(c).
1
Let n(u) = -3*u**3 - u**2 + u - 1. Let i = 2 + -4. Determine n(i).
17
Let o(y) be the first derivative of y**2/2 - y + 16. Calculate o(-1).
-2
Suppose -5*v + 11 = h, -3*v + 8*h = 3*h - 1. Let i(c) = 7*c - c**2 - 2*c + v - 3*c + c. Determine i(4).
-2
Let t(f) = -f**3 - 9*f**2 - 6*f + 11. Let l be t(-8). Let b(g) = g**2. Let w(d) = -d**2 + 5*d - 2. Let x = 0 - 2. Let o(h) = x*b(h) - w(h). Determine o(l).
2
Let b be 2 - (3 + (2 - 4)). Let d(g) = 10*g**3 - 5*g**2 - 5. Let a(t) = 11*t**3 - 6*t**2 - 6. Let f(j) = -5*a(j) + 6*d(j). Calculate f(b).
5
Let l = -117 + 123. Let a(y) = -y**3 + 7*y**2 - 8*y + 4. Determine a(l).
-8
Suppose -14 = -5*t + 61. Let y = -15 + t. Let o(w) be the second derivative of w**4/12 + 2*w**2 + w. Calculate o(y).
4
Let k(h) = 3 - 2*h + 2 - 4. Let t be k(-1). Let c(o) be the second derivative of o**3/3 - o**2/2 + o. What is c(t)?
5
Let r(i) be the third derivative of i**4/12 - 2*i**3/3 + 4*i**2. What is r(7)?
10
Let b be 3 - ((-18)/(-6) + 6). Let f(z) = z**3 + z**2 + z - 1. Let y(u) = -2*u**3 + 4*u**2 + 2*u + 3. Let q(i) = 3*f(i) + y(i). Give q(b).
6
Let m(n) = -3*n. Let r be -1 - 1 - 3/3. Determine m(r).
9
Suppose 3*y = 2*y. Let f(c) be the third derivative of 7/6*c**3 + 0*c + 1/3*c**4 + y - 1/15*c**5 - 1/120*c**6 + c**2. Determine f(-5).
-8
Suppose 0 = -2*y - 2*v - 1 - 5, -3*v = 2*y + 7. Let g(i) be the first derivative of -i**4/2 - i**3/3 + i**2/2 + 2*i - 1. What is g(y)?
12
Let s(k) be the first derivative of -k**4/4 - 7*k**3/3 + k**2/2 + 6*k - 9. Calculate s(-7).
-1
Let q be 2/9 + (-121)/99. Let x(f) = -f + 1. What is x(q)?
2
Let b(m) = 4*m**2 + 15*m. Let a(x) = -x**2 - 5*x. Let r(g) = -7*a(g) - 2*b(g). Give r(5).
0
Let l(z) be the first derivative of 3*z**2 + 2. Give l(1).
6
Let o(g) = -5*g - 1 - 5 + 9. Give o(4).
-17
Let m(v) = 4*v + 3*v + 5*v + 6 - 5. Give m(-2).
-23
Let v(d) be the second derivative of 0 - 1/2*d**2 + 1/20*d**5 - 1/12*d**4 - 4*d + 1/3*d**3.